culate g(10).
-81
Let f(g) = -2*g**3 - 128*g**2 + 690*g + 29. Give f(-69).
29
Let d(n) = -3*n**3 + 273*n**2 - 269*n + 74. What is d(90)?
164
Let v(w) = w**2 + 445*w + 3447. Calculate v(-8).
-49
Let k(r) = -r**3 + 28*r**2 - 21*r - 76. Give k(27).
86
Let y(k) = 2*k**3 + 89*k**2 + 132*k + 4. Determine y(-43).
-125
Let x(n) = -n**3 + 24*n**2 - 100*n - 64. Determine x(6).
-16
Let t(u) = -u**2 + 13*u + 111. Give t(-6).
-3
Let x(b) = 3*b**3 + 106*b**2 - 77*b - 178. Give x(-36).
2
Let o(p) = -44*p**2 - 20*p - 39. Give o(-3).
-375
Let a(f) = 71*f - 65. Calculate a(-1).
-136
Let k(d) = -41902*d - 41903. Give k(-1).
-1
Let b(h) = h**3 + 22*h**2 + 17*h + 58. Determine b(-21).
142
Let h(g) = -g**2 + 3*g - 9. Calculate h(2).
-7
Let y(c) = c**3 - 5*c**2 + 68*c - 255. Determine y(4).
1
Let m(r) = 25*r + 1276. What is m(-51)?
1
Let n(d) = -d**2 - 9*d - 70. Determine n(0).
-70
Let a(m) = -105*m + 1565. Give a(15).
-10
Let s(d) = 56*d + 724. What is s(-13)?
-4
Let x(f) = -17368*f + 34700. What is x(2)?
-36
Let p(r) = -r**3 + 14*r**2 - 24*r + 2. Calculate p(5).
107
Let n(c) = -65*c**2 + 27*c + 27. Give n(-1).
-65
Let b(j) = -128*j**2 - 9*j - 7. Determine b(-1).
-126
Let w(z) = 6*z**2 + 169*z + 1187. Calculate w(-14).
-3
Let u(r) = -2*r**2 + 137*r - 2161. Calculate u(23).
-68
Let j(g) = -92*g - 2. What is j(2)?
-186
Let m(f) = -f**3 + 6*f**2 + 165*f - 847. What is m(5)?
3
Let o(q) = 4*q**3 + 13*q**2 - 40*q - 13. Give o(-6).
-169
Let m(t) = -111*t + 533. Determine m(4).
89
Let i(t) = 629*t - 12581. Determine i(20).
-1
Let u(c) = -4*c**2 - 171*c - 132. Determine u(-42).
-6
Let l(h) = -h**3 - 25*h**2 - 464*h - 5573. Determine l(-17).
3
Let k(b) = -185*b - 4437. Give k(-24).
3
Let m(a) = a**3 + 12*a**2 + 19*a - 15. Calculate m(-12).
-243
Let c(y) = -6*y**2 - 115*y - 34. What is c(-19)?
-15
Let s(x) = x**2 + 19*x + 26. Calculate s(-31).
398
Let c(w) = 49*w**2 + 9*w - 10. What is c(1)?
48
Let u(t) = 2*t**3 - 5*t**2 - 15*t - 4. What is u(-4)?
-152
Let u(m) = -m**3 + 4*m**2 + 116*m + 296. Determine u(-3).
11
Let x(m) = -12*m**2 - 266*m - 240. What is x(-22)?
-196
Let o(v) = -2*v**2 + 282*v - 2132. Give o(133).
-4
Let s(w) = w**2 + 231*w + 6202. Determine s(-200).
2
Let x(q) = -q**3 - 15*q**2 - 52*q + 22. What is x(-10)?
42
Let w(p) = 90*p + 2338. Calculate w(-26).
-2
Let r(z) = 2*z**2 - 18*z + 181. What is r(10)?
201
Let q(j) = -2*j**3 - 29*j**2 - 16*j + 123. Determine q(-15).
588
Let p(l) = -3*l**3 + 3*l**2 - 56*l + 108. Give p(2).
-16
Let i(a) = 2*a**3 - 27*a**2 + 30*a + 69. Determine i(12).
-3
Let z(x) = 5*x + 237. Give z(31).
392
Let p(q) = -170*q + 846. Give p(5).
-4
Let u(f) = 11*f**2 - 50*f + 29. Calculate u(4).
5
Let s(x) = -x**2 + 26*x - 139. Give s(21).
-34
Let r(w) = w**3 - 33*w**2 - 168*w + 5583. Calculate r(33).
39
Let w(p) = -102*p**2 - 23*p - 6. Calculate w(0).
-6
Let s(d) = d**2 + 29*d + 170. Calculate s(-17).
-34
Let k(n) = 71*n + 425. Give k(-6).
-1
Let w(u) = -342*u + 5758. Calculate w(17).
-56
Let y(t) = -t**3 - 5*t**2 + 243*t + 494. Determine y(-2).
-4
Let i(r) = -48*r - 16. Give i(-5).
224
Let m(q) = q**3 + 18*q**2 - 58*q + 283. What is m(-22)?
-377
Let f(p) = -3*p**2 + 315*p - 8192. Give f(48).
16
Let b(o) = -1440*o + 4308. Determine b(3).
-12
Let z(s) = -279*s + 2300. What is z(8)?
68
Let n(a) = a**3 + 13*a**2 + 12*a - 169. Determine n(-11).
-59
Let z(o) = 120*o + 186. Give z(-2).
-54
Let q(z) = 106*z**2 + 244*z - 500. What is q(2)?
412
Let c(f) = -2*f**3 + 8*f**2 + 26*f - 13. What is c(6)?
-1
Let c(z) = z**3 + 10*z**2 + 6*z + 106. Calculate c(-11).
-81
Let s(i) = 3355*i - 36900. Determine s(11).
5
Let d(b) = 11*b**2 - 62*b + 93. Give d(3).
6
Let b(a) = 2*a**3 + 29*a**2 - 50*a - 51. Calculate b(-16).
-19
Let s(n) = 5*n**2 - 30*n + 34. What is s(4)?
-6
Let s(a) = 192*a + 1344. Determine s(-7).
0
Let p(o) = -687*o - 3436. Calculate p(-5).
-1
Let a(j) = -2*j**2 - 299*j + 17255. Determine a(-194).
-11
Let j(g) = 504*g + 7087. What is j(-14)?
31
Let s(c) = -34*c + 265. Determine s(8).
-7
Let q(o) = o**2 + 73*o + 331. What is q(-68)?
-9
Let j(c) = -c**3 - 320*c**2 - 2798*c + 7. Give j(-9).
-2
Let n(q) = -2*q**3 - 61*q**2 + 176*q + 44. What is n(-33)?
-319
Let h(w) = -4164*w - 83277. Calculate h(-20).
3
Let v(x) = -90*x + 3366. Give v(44).
-594
Let r(a) = a**2 - 15*a + 76. What is r(12)?
40
Let u(k) = 10*k + 88. What is u(10)?
188
Let d(c) = 119*c**2 + 1058*c - 114. Give d(-9).
3
Let q(c) = c**2 - 29*c + 25. Give q(0).
25
Let y(i) = -3*i**2 - 51*i + 272. What is y(-26)?
-430
Let y(w) = 70*w + 981. Determine y(-14).
1
Let a(d) = -20*d**2 + 244*d - 446. What is a(10)?
-6
Let t(i) = 4*i**3 + 53*i**2 + 12*i - 8. Give t(-13).
5
Let i(w) = 3*w**2 + 228*w - 703. Give i(-79).
8
Let m(f) = -85*f + 2807. Give m(33).
2
Let l(r) = 55*r - 129. Give l(3).
36
Let r(s) = -8*s**3 + 281*s**2 - 32*s - 86. What is r(35)?
19
Let q(s) = -57*s + 2790. Determine q(49).
-3
Let x(r) = r**3 - 44*r**2 + 125*r - 93. Determine x(41).
-11
Let k(q) = -q**3 + 2*q**2 + 52*q + 1627. Give k(14).
3
Let b(n) = 4*n**2 - 220*n - 77. What is b(55)?
-77
Let w(k) = -k**2 - 38*k + 298. Determine w(-44).
34
Let n(m) = m**3 + 12*m**2 - 26*m - 182. Determine n(-15).
-467
Let a(n) = 3*n**3 + 25*n**2 - 80*n - 710. What is a(-8)?
-6
Let u(g) = 5965*g + 11932. Calculate u(-2).
2
Let m(k) = 11*k**2 + 140*k + 71. Calculate m(-12).
-25
Let h(x) = 1971*x + 90664. Calculate h(-46).
-2
Let o(q) = -4*q**3 + 47*q**2 + 19*q - 114. Determine o(12).
-30
Let h(i) = -i**2 + 1880*i - 16840. Give h(9).
-1
Let q(c) = c**3 - 45*c**2 + 47*c - 104. Give q(44).
28
Let c(g) = 9*g**2 + 69*g - 124. What is c(2)?
50
Let u(b) = -b**2 - 40*b - 352. Give u(-15).
23
Let q(y) = -6*y**2 - 353*y - 2434. Give q(-8).
6
Let i(o) = -24*o - 169. Calculate i(-5).
-49
Let p(i) = -118*i - 3695. Give p(-31).
-37
Let c(d) = -2*d**3 + 64*d**2 - d + 3. Determine c(0).
3
Let j(y) = 4*y**2 + 481*y + 613. What is j(-119)?
18
Let r(t) = -10*t - 346. What is r(-34)?
-6
Let q(s) = 21*s**3 - 29*s**2 + 53*s - 4. What is q(2)?
154
Let y(u) = -u**2 - 11*u - 23. What is y(0)?
-23
Let i(u) = 4*u + 14. Calculate i(13).
66
Let j(z) = -20*z - 753. What is j(-39)?
27
Let w(l) = -l**3 + 2*l**2 - 17*l - 18. Determine w(6).
-264
Let g(u) = -5*u**2 + 12*u + 5. Determine g(1).
12
Let u(r) = 13*r + 496. Calculate u(-64).
-336
Let s(t) = 24*t - 851. Calculate s(35).
-11
Let s(q) = q**2 - 6*q + 34. Calculate s(-9).
169
Let i(q) = q**2 - 81*q - 147. Give i(83).
19
Let t(z) = -2*z**2 - 18*z + 233. Determine t(-15).
53
Let h(b) = b**3 - 128*b**2 + 278*b - 3280. Calculate h(126).
-4
Let f(d) = 6*d**2 + 300*d + 864. What is f(-3)?
18
Let r(h) = h**3 + 20*h**2 + 21*h + 9. What is r(-19)?
-29
Let p(v) = -v**3 - 27*v**2 - 181*v + 46. Calculate p(-14).
32
Let o(m) = -117*m + 15119. Calculate o(129).
26
Let i(y) = 22*y**2 - 1390*y + 233. What is i(63)?
-19
Let h(f) = 1194*f - 5947. Calculate h(5).
23
Let j(u) = u**2 + 21*u + 28. What is j(-13)?
-76
Let g(o) = -o**2 + 68*o - 133. What is g(2)?
-1
Let c(z) = -6*z**2 - 11*z - 30. Give c(3).
-117
Let b(r) = -2*r**2 - 44*r + 106. What is b(-24)?
10
Let y(a) = 3*a**2 + 36*a - 480. Calculate y(-20).
0
Let d(t) = -t**3 - 9*t**2 - 10*t - 61. Calculate d(-10).
139
Let j(v) = -3*v**2 + 30*v - 42. Determine j(7).
21
Let t(u) = -u**3 + 9*u**2 + 129*u + 293. Give t(-5).
-2
Let v(c) = 27*c + 295. What is v(-5)?
160
Let s(l) = -l**2 + 68*l + 875. What is s(-11)?
6
Let y(b) = b**3 - 20*b - 68. Determine y(-4).
-52
Let a(x) = -2*x**3 - 228*x**2 + 4*x + 448. What is a(-114)?
-8
Let x(r) = 9*r**2 + 76*r + 27. Calculate x(-8).
-5
Let v(w) = -2*w + 30. Calculate v(0).
30
Let g(x) = -2*x**3 + 16*x**2 - 16*x - 3. Determine g(6).
45
Let g(o) = -4*o**2 + 17*o + 166. What is g(-5)?
-19
Let g(n) = -n**2 + 27*n + 74. Give g(36).
-250
Let o(n) = 8*n**2 - 331*n + 640. Give o(2).
10
Let m(o) = -5*o**2 - 2*o + 125. Determine m(7).
-134
Let o(j) = -67*j + 92. Give o(1).
25
Let j(o) = -1744*o + 8710. Calculate j(5).
-10
Let k(t) = -t**3 + 53*t**2 + 120*t - 550. Give k(55).
0
Let i(x) = x**2 - 65*x + 757. Calculate i(57).
301
Let z(b) = -21*b**2 - 13*b + 13. What is z(1)?
-21
Let g(y) = 6*y**2 - 199*y + 36. Give g(33).
3
Let n(d) = -4*d**2 + 54*d + 87. What is n(15)?
-3
Let l(r) = -607*r - 5462. What is l(-9)?
1
Let n(x) = -462*x + 47125. Determine n(102).
1
Le